7
Let n = 10 + -5. Suppose 2*v + n*z + 2 + 7 = 0, -2*v + 2*z = -26. List the prime factors of v.
2
Let y(q) = -q**2 + q + 2. Let b = 3 - 3. What are the prime factors of y(b)?
2
Let l be (-8)/((-1)/(-2) - 1). Let u(d) = 2*d - 3. Let y be u(4). Suppose y*m = -w + l, 0*w - 8 = 2*w. List the prime factors of m.
2
Let z(q) = 8*q. Let v be z(3). What are the prime factors of (14/(-3))/((-4)/v)?
2, 7
Let b(r) = -10*r - r**2 + 12*r**2 - 5 + 5 - r**3. Let m be b(10). Let k = m + 20. What are the prime factors of k?
2, 5
Let i(j) = j**2 + 6*j + 5. Let q be i(-5). Let a(p) = p**3 - p**2 - p + 29. Let u be a(q). Let f = u + -19. List the prime factors of f.
2, 5
Suppose 4*b + 4 = -2*h, -4*b - 2 = 3*h + 6. Let z(j) = j**2 - 7*j + 5. Let n be z(6). List the prime factors of n - (60*b)/(-3).
19
Suppose 3*p = -0*p + 2*s + 37, -2*s = 4*p - 40. Suppose 2*q = q + p. List the prime factors of q.
11
Suppose -35 = -4*j + 1. What are the prime factors of ((-3)/(j/(-51)))/1?
17
Let t(x) = -x - 1. Let w be t(-4). Let d(z) = 2*z. Let m be d(5). Suppose w*l + 2*l = m. List the prime factors of l.
2
What are the prime factors of (-26390)/(-169) + (-2)/13?
2, 3, 13
Let i(r) = 4*r**2 + 8*r - 8. What are the prime factors of i(-5)?
2, 13
Suppose 4*n = 16, -5*j + 4*n + 5 = -24. Let t be (20/8)/((-2)/(-4)). Suppose 0*q = q - 5*x - j, -t*x - 45 = -5*q. What are the prime factors of q?
3
Let v be (-18)/(-4) + (-4)/8. Suppose v*g = 3*g - 8. What are the prime factors of 18/12*g/(-3)?
2
Let n(u) = 10*u**2 - 1. Suppose 4*l = d + 72, 6*d - 2*d - 35 = -l. Suppose -3*s - s + 3*a = l, -5*s - 15 = -2*a. List the prime factors of n(s).
3
Let u(q) = q**2 - 1. Let p(c) = c**3 + 3*c**2 - c - 4. Let b(z) = -p(z) - 3*u(z). Let f be b(-5). Let w = -15 - f. List the prime factors of w.
2
Suppose 3*w - 56 = 64. Suppose -4*z - z = -w. What are the prime factors of z?
2
Let l(q) = q**3 - 7*q**2 - 7*q - 6. Let g be l(8). Suppose -g*n = 4*v - 9 + 1, -3*n + 2*v = -12. What are the prime factors of n?
2
Suppose 4*k = t - 6, -20 - 7 = 2*t + 5*k. Let h = t + 31. What are the prime factors of h?
5
Let l = -15 + 31. Suppose 2*r + 2*g + g = l, -24 = -3*r - 3*g. What are the prime factors of r?
2
Suppose 5*g - 4*s + 18 = 0, 7*s + 15 = 2*s. Let r(o) = -2 + 0 - 4*o + 3*o. What are the prime factors of r(g)?
2
Let c(l) = -l**3 + 6*l**2 + 7*l. Let i be c(7). Suppose -2*z + 17 + 3 = i. List the prime factors of z.
2, 5
Let z(y) be the second derivative of -2*y + 0*y**2 + 0 + 5/6*y**3. What are the prime factors of z(1)?
5
Let p(g) = -2*g**2 - 2*g + 2. Let t be p(-2). Let c = 6 + t. Suppose z = 9 - c. What are the prime factors of z?
5
Let d(l) = -l**2 + 10*l - 2. Let f(q) = q**2 + 34. Let s be f(0). Suppose -h - 20 = -3*j - 3*h, s = 5*j + 3*h. What are the prime factors of d(j)?
2, 7
Let z(n) = -n**2 - 16*n - 13. List the prime factors of z(-14).
3, 5
Suppose 4*l + 2*b + 50 = 0, b = -5*l - 2*b - 64. Let u = 20 - l. List the prime factors of u.
31
Suppose -9 = j - 4*j. Suppose f + 12 = j*f. What are the prime factors of f?
2, 3
Suppose -q = -6*q + 20. What are the prime factors of q?
2
Let q(y) = -27*y + 2. List the prime factors of q(-1).
29
List the prime factors of 25 + (0 - -2) + -2.
5
Suppose 3*x - 21 = -0*x. Let z = 11 - x. List the prime factors of z.
2
List the prime factors of (2 + 2)/(10/85).
2, 17
Let l be (2 - -1) + (1 - 5). What are the prime factors of (-6 - 2)/l + -3?
5
Let m(g) = g**3 + 5*g**2 - g - 5. Let p be m(-5). List the prime factors of -1 - -3 - (-8 - p).
2, 5
Let w be (4/(-8))/(-1)*0. Suppose 5*m - 5*h - 215 = w, 0 = 4*m + 2*h - 5*h - 176. What are the prime factors of m?
47
Suppose 2*z = -z - 45. Let j be 1*(7 + 1)/(-2). Let a = j - z. What are the prime factors of a?
11
Let g be (-1)/5 - 5/(-25). Let p = 0 + g. Suppose p = 5*s - 0*w + 2*w - 56, 50 = 5*s + 5*w. What are the prime factors of s?
2, 3
Suppose -7*j = -4*j - 93. What are the prime factors of j?
31
Let t = 3 - 3. Suppose t = 4*m - 11 - 9. What are the prime factors of m?
5
Let t(m) = m**2 + m - 4. Let j be t(-4). Suppose -3*d = -4*i + i + 15, 4*d + j = 0. Let u = i - 1. List the prime factors of u.
2
Suppose 225 = 3*d - 8*d. Let l = 71 + d. List the prime factors of l.
2, 13
Suppose 4*d - 2*z - 199 = 29, 16 = -4*z. What are the prime factors of d?
5, 11
Let z = 11 + -8. Let n(d) = -4*d + 3. Let t be n(z). What are the prime factors of 16*1*t/(-12)?
2, 3
Suppose -3*s + 5*d = -10, 2*s + 2*d - 10 = 6*d. What are the prime factors of (-56)/s + 7/(-35)?
11
Let g = 85 + 24. What are the prime factors of g?
109
Let f be (-1 - -3)*(-43)/(-2). Let q = f + -30. What are the prime factors of q?
13
Let m(o) = o**3 + 4*o**2 - 2*o - 3. List the prime factors of m(-3).
2, 3
Suppose 9*q - 12*q = -279. Suppose 0 = 5*u - q - 77. What are the prime factors of u?
2, 17
Let r be 58/18 + 2/(-9). Suppose -2*l + 14 = 2*c, -l = r*l - 8. Suppose -9 - 46 = -c*s. List the prime factors of s.
11
Suppose 3*q + 6 = 3*w - 3, 0 = -2*q - 5*w - 13. Let r be ((-9)/(-2))/((-3)/q). Let y = r + -3. List the prime factors of y.
3
Suppose w - 271 - 703 = -4*t, t + 2*w - 240 = 0. What are the prime factors of t?
2, 61
Let k(i) = -i**2 + 12*i - 10. What are the prime factors of k(8)?
2, 11
Let r(n) = 8*n - 12. Let u(j) = -7*j + 11. Let t(k) = 6*r(k) + 7*u(k). Let m be t(4). Let f = 5 + m. What are the prime factors of f?
2, 3
Suppose -2*p = -3*r - 28, 4*r = -p + 3*p - 34. Let l(u) = u**3 + 8*u**2 + 5*u - 3. What are the prime factors of l(r)?
3, 13
Suppose -4*z + 9 = -7. Suppose 17 = 3*h - 2*m, -z = -4*h - m - m. List the prime factors of h.
3
Suppose -3*k = 41 - 107. What are the prime factors of k?
2, 11
Suppose -4*r - r = 3*n - 123, -5*r = 0. List the prime factors of n.
41
Suppose 0*d + 82 = 2*d. What are the prime factors of d?
41
Suppose 0 = -2*y - 8, 5*y + 113 + 18 = 3*v. List the prime factors of v.
37
Suppose 10 + 0 = 2*v, -2*w + 33 = 5*v. Suppose 3*u + 2*u = -q - 16, 5*u + 36 = w*q. Suppose 0 = 5*x + 3*f - 27 - q, 19 = 2*x - f. List the prime factors of x.
2
Suppose 0 = -7*a + 8*a - 9. What are the prime factors of a?
3
Let c(i) be the first derivative of -3*i**2/2 + 2*i + 3. Let u be c(-4). Suppose 5*s - 4*s = -3*l + 32, -s = l - u. What are the prime factors of l?
3
Suppose -4*h = l - 184, 4*h - 204 = -2*l + 6*l. Suppose 2*s + 3*g - 30 = 0, 2*s + g - h = -13. What are the prime factors of s?
2, 3
Let s be (6/(-9))/((-1)/9). Let h = 10 - s. Let c = h - -1. What are the prime factors of c?
5
Let m = -8 - 48. Let t = m - -86. What are the prime factors of t?
2, 3, 5
Suppose -5*v + 14 = 4*k, 0 = -k - 4*k + 5. Let q be 13 - (2*-2)/v. What are the prime factors of ((-12)/10)/((-6)/q)?
3
Suppose 3*g + 13 = -z - 0*z, 0 = -3*z - 3*g - 15. Let n(q) = -9*q**3 - 2*q**2 - q. List the prime factors of n(z).
2
Suppose 2*p + 6 = -5*w, p + 2*w + 12 = 5*p. List the prime factors of ((-15)/(-10))/(1/p).
3
Suppose -1 = 3*v + 2*u, -4*v = -4*u - 3 - 9. Let f(a) = 4*a**2 + 1. List the prime factors of f(v).
5
Let f = 6 - 3. Suppose -161 - f = 4*y. What are the prime factors of 3/(-12) + y/(-4)?
2, 5
Let k(h) = -2*h - 13. Let t be k(-11). Let o = -1 + t. What are the prime factors of o?
2
Suppose -4*x = b - 46, 3*b + 31 = 4*b + x. Suppose 0 = 3*p + 35 + 13. Let z = p + b. What are the prime factors of z?
2, 5
Let u(w) = -w**3 - w**2 + 3. Let v be u(0). Suppose 5*q - 18 + v = 0. Suppose -q*t + 69 - 21 = 0. List the prime factors of t.
2
Let z be (4/6)/((-4)/(-12)). Suppose -z*c - 5 - 1 = 0. List the prime factors of ((-7)/c - 2)*21.
7
Let p(j) = 14*j**2 - 2*j + 1. Let q be p(2). Let i = -10 + q. List the prime factors of 8/36 - i/(-9).
5
Let s be 2/(0 + 3/(-12)). List the prime factors of ((-32)/s)/((-1)/(-12)).
2, 3
Let w be (15 + -1)*2/4. What are the prime factors of (-130)/(-14) - 2/w?
3
Let j = -14 + 17. Let l = j + 22. What are the prime factors of l?
5
What are the prime factors of (-580)/(-50) + (-2)/(-5)?
2, 3
Let f(k) = -k**2 + 10*k + 9. Let g(p) = 2*p**2 - p + 1. Let d be g(2). Let a = d - -3. What are the prime factors of f(a)?
3
Let v(z) be the first derivative of -z**4/4 - 5*z**3/3 + 3*z + 1. Let t be v(-5). Let d = t + 2. List the prime factors of d.
5
Let s be ((-188)/(-6))/((-8)/48). Let w = -131 - s. What are the prime factors of w?
3, 19
Let f be -1 + (-2)